f 21?
False
Does 146 divide 43227388?
True
Is 81 a factor of 79974193?
False
Does 4 divide 191927301?
False
Does 10 divide 246150?
True
Does 6 divide 872775457?
False
Is 262 a factor of 11061116?
True
Is 3341082265 a multiple of 862?
False
Does 5097 divide 13262526?
False
Is 47482500 a multiple of 169?
False
Is 1144040976 a multiple of 69?
True
Is 138 a factor of 113510796?
True
Does 243 divide 139576041?
True
Does 26 divide 149321592?
False
Is 41 a factor of 4937466?
True
Is 1827895338 a multiple of 963?
True
Is 4 a factor of 98077313?
False
Is 181978808 a multiple of 3475?
False
Does 24 divide 142038168?
True
Is 7807 a factor of 4145449087?
False
Is 167 a factor of 1021108416?
False
Is 56516410 a multiple of 54?
False
Is 27873960 a multiple of 177?
True
Is 1150360680 a multiple of 6065?
True
Is 3136368 a multiple of 1448?
True
Is 4 a factor of 42783?
False
Does 110 divide 324225195?
False
Is 2716 a factor of 103941320?
True
Is 5214636 a multiple of 9?
True
Does 1123 divide 67209722?
False
Is 1206 a factor of 755101926?
True
Is 33281625 a multiple of 39?
True
Is 25 a factor of 43498808?
False
Does 14 divide 27131230?
True
Is 566039038 a multiple of 3298?
True
Is 470 a factor of 870308870?
True
Does 4 divide 15219892?
True
Is 140 a factor of 215139680?
True
Is 640922488 a multiple of 2178?
False
Is 62396807 a multiple of 649?
True
Is 5 a factor of 175777920?
True
Does 6 divide 17076763?
False
Is 7605331 a multiple of 108?
False
Is 35 a factor of 11003720?
True
Is 134 a factor of 17462629?
False
Is 24 a factor of 81475166?
False
Is 116607423 a multiple of 393?
True
Is 1163974904 a multiple of 101?
True
Does 479 divide 41205975?
True
Is 473 a factor of 1893324781?
False
Is 22655339 a multiple of 25?
False
Is 2530 a factor of 1100362846?
False
Is 129014379 a multiple of 2656?
False
Is 18 a factor of 30661380?
True
Does 34 divide 1659946640?
True
Does 159 divide 15499638?
True
Does 19 divide 158525797?
True
Is 87 a factor of 18001009?
False
Is 7 a factor of 307819358?
True
Is 171 a factor of 83763153?
True
Does 3301 divide 81098968?
True
Does 750 divide 41411688?
False
Is 1258136 a multiple of 34?
True
Does 14 divide 416891666?
False
Is 136024038 a multiple of 153?
True
Is 29573489 a multiple of 66?
False
Is 83 a factor of 2494186354?
True
Is 5 a factor of 4374005?
True
Is 5011056 a multiple of 138?
True
Is 278121300 a multiple of 4022?
True
Is 3574 a factor of 377950667?
False
Is 20 a factor of 3400607376?
False
Does 222 divide 248348290?
False
Is 5864968 a multiple of 2?
True
Does 1743 divide 1916315440?
False
Does 136 divide 139912584?
True
Does 12 divide 815586660?
True
Is 2076 a factor of 466391771?
False
Is 6 a factor of 125897490?
True
Is 17167193 a multiple of 26?
False
Is 8 a factor of 128512944?
True
Does 727 divide 13817362?
True
Is 1894277 a multiple of 41?
False
Is 772314340 a multiple of 5?
True
Does 47 divide 8448626?
True
Is 9 a factor of 35913445?
False
Is 243 a factor of 9491229?
False
Does 416 divide 2028069056?
True
Is 38 a factor of 56885544?
True
Is 13 a factor of 111210086?
True
Does 10 divide 1759952429?
False
Does 609 divide 142239867?
True
Is 827 a factor of 65624931?
True
Does 77 divide 1145360101?
False
Is 46676510 a multiple of 5?
True
Does 3314 divide 293375032?
False
Does 18 divide 578660?
False
Is 62 a factor of 11956927?
False
Does 4239 divide 55374057?
True
Is 13653553 a multiple of 87?
False
Is 56 a factor of 1409508500?
False
Is 138 a factor of 81427652?
False
Does 12 divide 561925741?
False
Is 24 a factor of 56507657?
False
Does 10 divide 23883650?
True
Does 13 divide 620702247?
False
Is 1320 a factor of 380970480?
True
Is 15 a factor of 52704600?
True
Is 16 a factor of 1738276427?
False
Is 88555650 a multiple of 838?
True
Does 374 divide 221050261?
False
Is 3804 a factor of 2917668?
True
Does 39 divide 47651245?
False
Is 5 a factor of 3865160?
True
Does 15 divide 19929390?
True
Is 226 a factor of 20652409?
False
Is 143790076 a multiple of 62?
False
Does 2668 divide 4499059072?
True
Is 6470236 a multiple of 422?
False
Does 49 divide 786917558?
True
Is 24285344 a multiple of 472?
True
Does 17 divide 1246034482?
True
Is 49 a factor of 418178250?
True
Does 2 divide 2862511?
False
Is 1051 a factor of 81784648?
False
Is 293088326 a multiple of 1772?
False
Does 1305 divide 20220975?
True
Is 9 a factor of 62205093?
True
Does 7 divide 416701824?
True
Is 5134 a factor of 105909286?
True
Is 11114467 a multiple of 13?
True
Is 873 a factor of 3279332835?
True
Does 22 divide 17947746?
False
Is 40 a factor of 190600?
True
Is 560 a factor of 1748956305?
False
Is 514 a factor of 192250230?
False
Is 13380770 a multiple of 10?
True
Is 12 a factor of 376033566?
False
Is 3 a factor of 7609835?
False
Is 1782 a factor of 45289530?
True
Is 5446783 a multiple of 661?
False
Is 5239740 a multiple of 30?
True
Is 198 a factor of 968616?
True
Is 4389984 a multiple of 8?
True
Does 345 divide 1336094325?
False
Is 14747683 even?
False
Is 959143710 a multiple of 1345?
True
Is 168 a factor of 22272264?
True
Is 8489737168 a multiple of 91?
False
Is 1765288580 a multiple of 319?
True
Is 154923 a multiple of 118?
False
Is 15 a factor of 132604688?
False
Is 74 a factor of 349682190?
True
Is 4 a factor of 1794182?
False
Does 242 divide 352050955?
False
Does 340 divide 2819468079?
False
Is 1387 a factor of 18499177?
False
Does 1255 divide 2824659462?
False
Does 1858 divide 84806552?
True
Does 23 divide 52210261?
False
Is 370 a factor of 52463040?
True
Is 247275871 a multiple of 961?
True
Is 99 a factor of 55735218?
True
Is 2599 a factor of 123959305?
True
Is 14856270 a multiple of 390?
True
Is 3945782404 a multiple of 116?
False
Is 1242 a factor of 60091686?
True
Does 300 divide 118229499?
False
Is 3 a factor of 40834807?
False
Is 6 a factor of 21175937?
False
Is 902173037 a multiple of 223?
True
Is 6166763 a multiple of 193?
False
Is 622903 a multiple of 102?
False
Is 31871806 a multiple of 442?
False
Does 79 divide 313668236?
True
Is 153627692 a multiple of 19?
True
Does 2779 divide 311603712?
True
Is 4360890 a multiple of 147?
False
Is 10 a factor of 28360740?
True
Is 30 a factor of 3394117?
False
Is 28093041 a multiple of 9?
True
Is 522 a factor of 615770495?
False
Does 665 divide 71349845?
True
Is 4 a factor of 470455145?
False
Is 90606464 a multiple of 32?
True
Is 22 a factor of 364885794?
False
Is 433 a factor of 7892291?
True
Is 4610 a factor of 55206251?
False
Is 18 a factor of 1552621?
False
Is 368 a factor of 25446130?
False
Is 92969993 a multiple of 17?
False
Is 20 a factor of 196208860?
True
Is 14 a factor of 973237944?
True
Is 698748035 a multiple of 5824?
False
Is 149 a factor of 1782842788?
False
Is 49855467 a multiple of 86?
False
Does 96 divide 109961630?
False
Is 62184207 a multiple of 19?
True
Is 5365962608 a multiple of 124?
True
Is 1205670642 a multiple of 66?
True
Does 109 divide 927281421?
True
Is 1274793 even?
False
Is 4653 a factor of 449990673?
False
Is 2784405093 a multiple of 69?
True
Is 18702735 a multiple of 234?
False
Is 15424772 a multiple of 12?
False
Is 400118916 a multiple of 23?
False
Is 332 a factor of 528476291?
False
Is 695 a factor of 461949820?
True
Does 151 divide 7162781?
False
Is 39 a factor of 239850154?
False
Does 9259 divide 1134870247?
False
Does 386 divide 744060548?
True
Does 2241 divide 5784021?
True
Does 178 divide 24617346?
False
Is 6186196668 a multiple of 139?
True
Is 1548 a factor of 4553082431?
False
Does 1066 divide 640177772?
True
Does 2 divide 209776583?
False
Is 27 a factor of 585654435?
True
Is 8298495 a multiple of 261?
True
Does 7 divide 108298821?
False
Does 30 divide 73284375?
False
Does 6 divide 67699738?
False
Is 95 a factor of 6995465?
False
Is 66037500 a multiple of 25?
True
Does 678 divide 375351910?
False
Is 86 a factor of 24090535?
False
Does 10 divide 1434013985?
False
Is 46237172 a multiple of 23?
False
Is 3 a factor of 296166654?
True
Is 48293934 a multiple of 494?
True
Is 578983260 a multiple of 21?
False
Does 4648 divide 2068850721?
False
Is 453850137 a multiple of 39?
True
Is 401 a factor of 539309875?
False
Does 138 divide 1204827181?
False
Is 891403533 a multiple of 13329?
True
Is 91 a factor of 1479550964?
False
Is 71 a factor of 88086341?
False
Does 183 divide 38